 -486*m + 40. Calculate the greatest common divisor of m and 50.
10
Suppose 5*r - 2*x = 7040, 5*r = 45*x - 47*x + 7040. What is the highest common divisor of 44 and r?
44
Suppose -5*c + 3 = 2*w, w - 5 - 1 = -c. Let q be (w/((-180)/1024))/((-2)/10). Calculate the highest common factor of 4 and q.
4
Let u(c) = c**2 - 38*c - 400. Let z be u(-10). What is the highest common factor of z and 70?
10
Suppose 0 = -5*w + 2*a + 482, -5*a - 5597 = -5*w - 5112. Let i be (0/2 - -1)*3. What is the highest common factor of w and i?
3
Let t(y) = 3*y**2 - 5*y - 16. Let j be t(7). Suppose 0*r + j = 3*r. What is the highest common divisor of 24 and r?
8
Let c = 4 + 46. Suppose -56 = 5*r + l, 6*l - l - c = 5*r. Let u(j) = -8*j + 47. Let q be u(r). What is the greatest common factor of 15 and q?
15
Suppose -7*g + 5 = -16. Suppose g*h + 20*j = 17*j + 195, 0 = 2*j. What is the greatest common divisor of 325 and h?
65
Let t(u) = -u**3 + 7*u**2 - 2. Let l be t(5). Let a be (146/(-219))/((-26)/2496*(-4)/(-3)). Calculate the highest common divisor of l and a.
48
Suppose -16 = -320*q + 312*q. Suppose 0 = -q*s + 4*l + 90, 3*s - 110 = -5*l + 25. Calculate the greatest common factor of s and 45.
45
Suppose 4*m + 20 = -m, -108 = -2*d + 5*m. Suppose -16*a + 36 + d = 0. Suppose a*v - 4*v = 36. Calculate the greatest common divisor of 48 and v.
12
Let y(j) = 9*j**3 + j**2 + 1. Let u be y(2). Suppose -25 = -24*a + 20 + 483. What is the greatest common divisor of u and a?
11
Let v be 153/(-408) - (-1491)/8. Calculate the greatest common divisor of 11346 and v.
186
Let a = 2631 - 1658. Suppose -1040 = -5*d + 3*q, -5*d - 2*q + a = -67. Let u = -5202 + 5228. What is the greatest common divisor of d and u?
26
Let u be (-2)/5 - 63/5. Let j(a) = -a**2 - 24*a + 9*a + 21 - 27. Let z be j(u). Calculate the highest common factor of z and 4.
4
Suppose -4*j = -2*j - 8. Suppose 3*a + 4 = -4*d, 4*d + 0*a - a = 12. Let z be (24/(-9))/(d/(-24)). What is the highest common divisor of j and z?
4
Let y = 543 + -547. Let x be (56 - 49) + (0 - y). Let n(h) = -29*h + 5. Let v be n(-4). What is the greatest common factor of x and v?
11
Suppose 3*r - 15 + 6 = 0. Suppose -2*u - r*u + 100 = 0. Suppose -4*w + 84 = u. What is the greatest common divisor of 2 and w?
2
Suppose -5*j + 61242 = 98*l - 97*l, 4*j = 3*l + 49024. What is the highest common divisor of j and 750?
250
Let h = -1382 - -1754. What is the greatest common divisor of h and 7564?
124
Let r be (-134 + 53)/((-2)/22). What is the highest common factor of r and 27?
27
Suppose -5*z = r + 71 - 93, -5*r - z = -62. What is the greatest common divisor of r and 136?
4
Let x(o) = 3*o. Let u be x(4). Calculate the greatest common factor of 12 and u.
12
Let v = -330 - -330. Let w be -3 - 1*(-7 + v). What is the greatest common divisor of w and 496?
4
Let y(g) = -159*g**3 + 9*g**2 - 2*g. Let h be y(-1). Suppose 4*l = -5*d + 438, 3*d - 17*l - 282 = -13*l. What is the highest common factor of h and d?
10
Let r(d) = -21*d - 36. Let k(b) = 14*b + 62. Let l be k(-5). Let c be r(l). What is the greatest common factor of c and 44?
44
Suppose -19*s + 15479 + 29553 = 7108. Calculate the highest common factor of s and 12.
4
Let g(v) = v**3 - 6*v**2 + 28*v - 124. Let y be g(20). Calculate the greatest common divisor of y and 12.
12
Let w(d) = d**2 - 8*d - 4. Let q be w(9). Let s be 213/9 + q/((-45)/6). What is the greatest common divisor of 23 and s?
23
Suppose 9*o = 11*o - 102. Let m = 2612 - 1745. What is the greatest common divisor of m and o?
51
Let k be (11/(110/(-4)))/((-2)/10). Suppose -2666 + 2669 = r. What is the highest common factor of r and k?
1
Let h be -1 + 102 + (-2)/2. Suppose -60 = l - 5*g, 0 = l - 0*l + g + 30. Let t = l + 60. Calculate the greatest common factor of t and h.
25
Suppose -z - s = 4*s + 41, -4*z - 2*s = 164. Let f = 193 + z. Calculate the highest common divisor of f and 19.
19
Let z(r) = -2*r + 17. Let h be z(15). Let y = 130 - 106. Let x = y + h. What is the greatest common factor of 22 and x?
11
Let d = 2 + 10. Suppose 22*z = 68*z + 138. Let t be 13/((-78)/(-144)) + z + 3. Calculate the highest common factor of t and d.
12
Let x(b) = b**2 - 7*b - 20. Suppose 3*h - 3 = -4*u - 38, -2*u - 10 = 0. Let j be x(h). What is the greatest common divisor of 2 and j?
2
Suppose -36*l = -3581 - 400 - 1635. What is the highest common divisor of l and 975?
39
Let z(k) = -9*k + 1. Let b be z(4). Let v be (3 - 2) + -3 + 1633/71. Let a be (-6)/v + (-13870)/b. What is the greatest common divisor of 36 and a?
36
Suppose 0 = 15*b + 9*b - 1146 - 78. Let w = -53 - -104. Calculate the highest common factor of w and b.
51
Let t be ((-7 - -2) + 7)/((-3)/(-24)). Suppose -20*k + t*k = -68. What is the greatest common factor of k and 799?
17
Suppose 2*r = 5*t - 232, -t + 4*t = -3*r + 156. Let m(p) = 3*p + 1. Let n be m(1). Suppose -23 = -n*h + 105. Calculate the highest common factor of t and h.
16
Suppose -244 = -81*j + 85*j. Let z = j - -73. Suppose t - 44 + z = 0. Calculate the highest common factor of 80 and t.
16
Let l be (-1272)/24 + 29 + 90. Let n be (-3)/15 - (-5612)/10. What is the highest common divisor of l and n?
33
Suppose 0 = 4*g - 2*t - 232, 3*g = -4*t + 6*t + 175. What is the highest common divisor of g and 190?
19
Let g = -4215 - -4219. Suppose -w + 14 = -84. Calculate the highest common factor of g and w.
2
Let l(r) = -r**3 - 2*r**2 + 165*r - 673. Let u be l(8). Let i(a) = 5*a**2 - 3*a - 1. Let v be i(3). Calculate the greatest common factor of v and u.
7
Let i be (33 - (-1615)/(-51))*1452. Suppose -4*y + 0*y = 16, -5*k + 2*y + 613 = 0. What is the highest common divisor of k and i?
121
Suppose -11 = -16*q + 533. What is the greatest common factor of q and 493?
17
Let w(v) = -9*v + 116. Let h be w(13). Let r be -4*(h - 4)*(-18)/(-45). What is the greatest common factor of 2 and r?
2
Let u = -3817 - -5935. Calculate the highest common factor of 6 and u.
6
Suppose -3*w - 4*v + 27 = 0, -2*w + 19 = 4*v - v. Let t be ((-6)/(-15)*w)/(2/8). Let y be (-6 + t)*30/4. What is the greatest common factor of y and 45?
15
Suppose 9*s = 15*s + 480. Let d be s/30*(-111)/(-4). Let j = d - -249. What is the greatest common factor of 70 and j?
35
Let x = -1018 + 1711. Let l = -277 + x. What is the highest common divisor of l and 13?
13
Suppose 0 = 3*j - 0*j + 15, 3*q = j + 305. Let p = q - 82. Calculate the greatest common factor of p and 153.
9
Let b be (2/1)/(15/14 - 1). What is the greatest common divisor of 1876 and b?
28
Let j be (45 + 2)/(5/55). Suppose 5*b - j = 113. Let a = 540 - 512. Calculate the greatest common divisor of a and b.
14
Suppose 240 - 171 = 2*m + 5*n, 3*n = -5*m + 87. Let h = 5 - 0. Suppose h*k + 9 = 109. Calculate the greatest common factor of k and m.
4
Suppose 2*l + x - 20 - 72 = 0, 4*l + x = 182. What is the greatest common divisor of l and 45?
45
Suppose -35*m + 195510 = 14*m + 8*m. What is the greatest common divisor of 140 and m?
70
Let j be (-44)/10*945/(-42). What is the greatest common divisor of j and 792?
99
Let l(r) = r**3 - 7*r**2 - 300*r - 50. Let g be l(22). Calculate the greatest common divisor of g and 50.
10
Let c = -35 + 33. Let h be (-442)/(-2) - (c + -1). What is the highest common divisor of h and 56?
56
Suppose 17*n - 18*n + 29 = 0. Suppose 41*z - n = 40*z. What is the highest common factor of 232 and z?
29
Let t = 266 - 98. Suppose -16*o + t = -4*o. What is the highest common factor of o and 7?
7
Let x = 717 + -714. Suppose -18 + 75 = x*z - 3*n, 125 = 5*z + 5*n. Let l be -5*(-2)/((-6)/(-33)). Calculate the greatest common divisor of z and l.
11
Let q(s) = s**3 + 8*s**2 - 10*s - 6. Let r be q(-7). Suppose 61 + r = 6*f. Calculate the greatest common divisor of 116 and f.
29
Let m = 105 - 100. Suppose m*o - 32 = -2*q, -o - 14 = -3*o - 2*q. Let j be 16/12*15/(-10) + o. What is the highest common divisor of 3 and j?
1
Let d = 72 + -141. Let j be ((-234)/65)/(2 - d/(-30)). What is the highest common factor of j and 30?
6
Let l(p) = p**2 - 16*p + 91. Let k be l(7). Let i(v) = v**3 - v**2 - v + 252. Let y be i(0). Calculate the highest common divisor of y and k.
28
Let s = 72 + -3. Suppose 0 = 3*n + 4*m - 491, -20*n + 5*m - 654 = -24*n. Calculate the greatest common factor of s and n.
23
Let m = 13 + -6. Let c = -97 - -